 4*f - l*a + 3*a = 41, -3*f = a - 31. Is f a prime number?
False
Suppose -4 - 10 = -r. Suppose 13*z = r*z - 437. Is z prime?
False
Let j be (-19)/(-57) + (-35)/(-3). Suppose m = -j*m + 5551. Is m a prime number?
False
Let g = 220 - -141. Suppose 3840 + g = h. Is h a composite number?
False
Let x(q) = 6*q**2 - 7*q - 6. Let s = -1 + 4. Suppose 3*z + 4 = 2*c - 19, -s*c = -3*z - 18. Is x(z) a composite number?
False
Let f = 1 + 3. Let w(s) = -f*s**2 - 3 + 3*s - 10*s**2 + s**3 + 8*s**2. Is w(6) a composite number?
True
Let b = -11 + 1. Let p = 16 + 1659. Is (-2 - 0)*p/b a prime number?
False
Let d = -391 + 1244. Is d prime?
True
Let p(v) = -2*v - 19. Let j be p(-6). Let n(s) = -33*s - 10. Is n(j) a composite number?
True
Let w be (56/2)/7 + 0 + 1. Suppose -5*v - 443 = -u + 244, w*u = 2*v + 3320. Is u a composite number?
True
Let r(a) = 2*a**2 + a + 111. Is r(38) a composite number?
False
Let r = 2796 - -2914. Let q = r + -3993. Is q composite?
True
Suppose -i + 4 = 3*i, -2 = -3*p - 5*i. Let s be p/4 + 18/8. Suppose a - 27 = -s. Is a prime?
False
Suppose 2*g + 0 = 4. Let s(p) = 6*p + 4. Let m be s(g). Suppose 0 = -4*o + 5*r + 147, r = 3*o - 86 - m. Is o a composite number?
True
Let f(d) = 495*d**2 + 16*d - 34. Is f(3) prime?
False
Suppose -5*n = 5*c - 20, 0*n - 2*n = 0. Suppose -2*j = 2*u - c, -3*u + 5*j - 9 - 9 = 0. Let k(z) = -120*z**3 - z**2 + z + 1. Is k(u) composite?
True
Suppose 2*o = 0, 0 = -0*z - z - 5*o - 2. Let d(l) = l**2 + l + 2. Let j be d(z). Suppose -3*i + 2*w + 3*w = -263, 4*i = j*w + 356. Is i a composite number?
True
Suppose -2*s - s - 234 = 0. Is s/(-3) - (3 + -2) prime?
False
Let u = -31 + 20. Let o = 32 - u. Is o prime?
True
Let x = -9 - -13. Suppose -a - x*q = 60, -5*a + 6*a - 4*q = -100. Let c = 133 + a. Is c prime?
True
Let c = -245 + 164. Let w(q) = 4*q**3 - 2. Let i be w(-2). Let n = i - c. Is n composite?
False
Suppose 14 = 3*c - 4. Suppose 0 = c*n - 7998 - 1146. Suppose 0 = 4*h - 9*h - 15, 5*h + n = 3*b. Is b a prime number?
True
Let w(a) = -20*a**2 - 10*a - 11. Let b be w(8). Let t = -814 - b. Is t composite?
False
Let c(b) be the third derivative of b**6/120 - b**5/60 + 5*b**3/6 - 5*b**2. Let l be c(0). Suppose -82 = -l*a - 27. Is a a prime number?
True
Suppose -3*d + 5*b = 2*b + 3, -2*b + 8 = d. Suppose -2*u = d*u - 13964. Is u a prime number?
True
Suppose -2*u = w - u - 4482, 13445 = 3*w + 2*u. Is w a composite number?
False
Let n(z) = 62*z**3 + 6*z**2 - 20*z - 11. Is n(8) prime?
True
Is 3/((-135)/728430)*3/(-2) a composite number?
False
Suppose 12*f - 55637 = -11*f. Is f prime?
False
Let f = -109 - -23. Suppose -369 - 356 = -5*x. Let v = x + f. Is v a composite number?
False
Let d = -13 - -25. Let o = d + -10. Suppose 4*g - 644 = -4*y, -o*g + 110 + 212 = -2*y. Is g prime?
False
Let d(q) = -6*q - 31. Let z be d(-14). Is z*156/18*3/2 composite?
True
Suppose -p - 10 = 3*u, 12 = 3*p - 6*p. Let j be 0/((-1*4)/u). Suppose 3*f + r - 187 = j, -18 = -f - r + 45. Is f composite?
True
Let k(n) = -5*n**2 - 10*n - 10. Let a be k(8). Let h = a + 733. Is h prime?
False
Suppose -2*m - 16 = -20. Suppose m*t = 3*t + 3*z - 1540, -3087 = -2*t + z. Is t prime?
True
Suppose -5*r - 3*v + 32 = -10043, 5*r - 3*v - 10105 = 0. Is r a prime number?
False
Let f(y) = 2*y - 13. Let o be f(7). Let h be 4/(2 - (o + -1)). Suppose h*l + 1 = -7, l = 5*c - 249. Is c composite?
True
Let k(i) = 432*i**3 - 4*i**2 + 5*i + 25. Is k(4) a prime number?
False
Let b(t) = -t**3 - 27*t**2 - 14*t - 47. Is b(-27) a prime number?
True
Let k(d) = 65*d**3 - 3*d**2 - 5*d + 19. Is k(4) composite?
False
Suppose -5*g = -2*u - 8887, -14*u = -g - 18*u + 1773. Is g a prime number?
True
Let h(k) = 2*k**2 - 8*k + 3. Is h(8) prime?
True
Let g be 26538/30 + 2/5. Suppose g = -4*n - 855. Let a = n + 620. Is a a composite number?
True
Suppose 44*a - 1253346 = -14218. Is a a composite number?
True
Let b be 80/30 + 2/6. Suppose -f + 5*n + 15 = 0, -f + 2*f - 5 = b*n. Is (-4)/f - 1812/(-20) prime?
False
Let a = -32029 + 51228. Is a a prime number?
False
Suppose -6*t = 9*t - 30. Suppose -5*u - 624 = -t*g, 3*u - 301 = 2*g - 3*g. Is g prime?
True
Suppose 0 = -99*c + 70*c + 127977. Is c prime?
False
Suppose -292 = -4*l + 4*b, -2*l = -l - 2*b - 70. Suppose 2*h + 4*t - l = -3*h, 5*t - 20 = 0. Let v = h - -3. Is v prime?
False
Suppose 16 - 19 = -p. Let m = p - -4. Let x(a) = 3*a - 2. Is x(m) prime?
True
Let l = -11 + 14. Let t(c) = -2 - 6*c - 11*c**l - 9*c**2 + 9*c**3 + 8. Is t(-7) a composite number?
False
Let v(q) = -2653*q + 16. Is v(-1) a composite number?
True
Let j(o) = o**2 + 3*o + 4. Let l be j(-3). Let k = -4 + l. Suppose -6 = 2*d, k*f + 827 = 4*f - 5*d. Is f a composite number?
True
Suppose -6*j = -441 + 63. Suppose p - j = -12. Is p a composite number?
True
Let l be (-1)/5 - ((-67905)/25 - 0). Suppose 2*w - l = -194. Is w a composite number?
True
Let b(c) = -11022*c - 7. Is b(-1) a prime number?
False
Suppose -6*b + 2*b = 0. Let c(y) = y**3 - 11*y**2 + 12*y - 13. Let s be c(10). Suppose 3*x + s - 145 = b. Is x a prime number?
False
Suppose -d + 3005 = 3*d - n, 0 = 4*d - 4*n - 2996. Let t = d - -1131. Is t a prime number?
False
Let i = -42 - -42. Suppose i*n + 4063 = 3*d + 4*n, -2*d + 5*n + 2747 = 0. Is d prime?
True
Is (-7)/(84/(-19953)) - (-1)/4 a composite number?
False
Let s be 10/(-3)*(-657)/(-6). Let b be (2442/12)/(2/8). Let l = b + s. Is l composite?
False
Is (-2)/(-2) - 17/(102/(-120948)) a composite number?
True
Let d(u) = 107*u - 2. Let x be d(1). Is (7/(x/(-13130)))/(6/(-9)) a composite number?
True
Suppose -5*d + s + 4*s + 85 = 0, -3*s - 21 = -d. Let t(m) = 6*m**2 + 6*m - 7. Let c be t(6). Suppose -5*g - 2*f + c = -135, -3*f = -d. Is g a composite number?
True
Suppose -7 - 3 = -5*c. Suppose -3*j - 776 = -4*l, -1393 + 430 = -5*l + c*j. Is l prime?
True
Let b be (67/(-4))/(1/(-12)). Suppose -3*z + 7*z = 3*p + 158, 5*z - 2*p = b. Suppose -q = 2*i + 2*q - z, -i + 18 = -q. Is i composite?
False
Suppose 5*u + 21*q - 24*q = 284909, 6 = 3*q. Is u composite?
False
Suppose 154*j - 37176 = 146*j. Is j a prime number?
False
Suppose -2*n + 3528 = -5*q - 14441, 0 = 2*n - 2*q - 17984. Is n prime?
False
Let h = -8967 - -14018. Is h composite?
False
Suppose -8140 = -16*q + 12*q. Let m = q + -612. Is m a prime number?
True
Let s(g) = 2*g**2 - 2*g - 6. Let p be s(-6). Let c = p + -43. Is c a prime number?
False
Suppose -2*d = 2*r - 19321 - 16673, -4*r = 5*d - 71986. Is r a prime number?
False
Suppose 5*x - 7*i + 6*i = 5970, 3*i + 3570 = 3*x. Is x a composite number?
True
Let h be (2/(-4))/(2/(-12)). Suppose h*z = 2*z + 23. Is z prime?
True
Suppose -190 + 1170 = -5*n. Suppose y + 77 = -q - 1, -2*y + 4*q = 150. Let c = y - n. Is c a composite number?
True
Let g(a) = -a**2 + 3*a + 3. Suppose 0 = -4*f + 2*m + m + 24, -m = -5*f + 19. Let r be g(f). Suppose -655 = -5*n - 4*u, 2*n = r*n + u - 132. Is n prime?
True
Let k = 5834 + -2629. Is k a prime number?
False
Suppose 0*g - 94 = -2*g. Suppose 0 = 7*a + 240 + 173. Let t = g - a. Is t a prime number?
False
Suppose -215*f + 209*f = -11028. Is f a composite number?
True
Let q(d) = d**2 + 7*d + 5. Let u = 0 - -13. Let f = u + -7. Is q(f) a composite number?
False
Let t(b) = -b**3 - 5*b**2 + 2*b + 12. Let r be t(-5). Suppose 5*z - 9456 - 1777 = 4*h, -4504 = -2*z - r*h. Is z prime?
False
Let a(i) = i - 2*i + 89 + 9*i - 7*i. Is a(0) a prime number?
True
Let y(d) be the third derivative of -1/2*d**3 + 4*d**2 + 0 + 0*d - 1/8*d**4. Is y(-3) a prime number?
False
Is 5713 - (-3*20/15)/(-2) a composite number?
False
Let w(s) = -s**3 - s + 1. Let r(q) = -53*q**3 - q**2 - 3*q + 4. Let m(t) = -r(t) + 6*w(t). Is m(1) a prime number?
True
Let f(j) = j + 8. Let v be f(-4). Suppose 2*w - 114 = -v*q + 528, -5*q - w = -795. Suppose 3*u - q = 7. Is u a prime number?
False
Let x = 18 + -11. Suppose 2*s - 3 = 2*q + x, 3*s = q - 5. Is ((-15)/q)/(3/86) a prime number?
True
Let d(j) = -j**3 - 9*j**2 - 10*j - 12. Let v be d(-8). Suppose 3*k - v*k = -379. Is k composite?
False
Let r be ((-12585)/12)/(-5) - (-2)/8. Let t = 97 + r. Is t a composite number?
False
Is (8 - 3 - 6)*(-3787 - 6) a prime number?
True
Suppose -4*y - 7 = -3*z, z - 3*z + 5 = -3*y. Is (37 - y) + 6/6 a prime number?
False
Let j = 8 + -11. Let m(y) = 11*y + 164. Let h be m(-16). Is 2/j - 14540/h a prim